
3301115
What is 1401112040 (base 5) in base 14?
680514
Convert 5501317 (base 8) to base 13.
3c8660
6e323 (base 15) to base 5
42223313
Convert 154a0 (base 13) to base 2.
1001110110100000
221122101 (base 3) to base 7
105334
-35ac73 (base 14) to base 16
-1c01b5
What is 100101202022 (base 3) in base 13?
66278
What is 212420 (base 15) in base 9?
2863273
What is 12c494 (base 13) in base 4?
1233032120
What is 2709275 (base 12) in base 14?
1052d4d
What is -1044352 (base 6) in base 10?
-52844
Convert -3a549 (base 14) to base 10.
-143733
Convert -48627 (base 16) to base 14.
-7a099
What is -1b6c6 (base 13) in base 4?
-31022100
What is -246cd3 (base 16) in base 10?
-2387155
-9901d (base 15) to base 16
-76a8c
What is 148482 (base 12) in base 2?
1010100100010100010
Convert 44523541 (base 6) to base 11.
841325
-3c66d2 (base 16) to base 8
-17063322
-3186355 (base 10) to base 13
-877423
What is 4412010 (base 5) in base 7?
434140
What is 10422110221 (base 5) in base 16?
afc5cc
Convert 181629c (base 14) to base 7.
203020355
Convert -bc23 (base 14) to base 10.
-32567
364978 (base 11) to base 7
4623444
Convert 225515 (base 9) to base 16.
21074
239ba (base 12) to base 5
3014334
What is -1001011000110001110 (base 2) in base 4?
-1023012032
What is 106a8 (base 14) in base 16?
9b3c
-20132221 (base 7) to base 15
-23059a
-46dadb (base 14) to base 7
-26365164
-1000210032 (base 4) to base 3
-111102202220
10807 (base 13) to base 11
20530
Convert -19b1c0 (base 14) to base 4.
-3133023010
What is 121012010 (base 3) in base 12?
69b6
What is -1102101120012 (base 3) in base 7?
-6265034
What is -580518 (base 9) in base 10?
-348155
17383 (base 9) to base 10
11982
-11000100001110111001 (base 2) to base 3
-1111211120020
Convert -13a8350 (base 12) to base 3.
-21102220002020
What is -3421033044 (base 5) in base 6?
-430450440
Convert -5121410 (base 7) to base 9.
-1130272
Convert 2024334 (base 9) to base 16.
10779a
Convert 5a6523 (base 11) to base 6.
32325425
Convert aa3e08 (base 16) to base 2.
101010100011111000001000
Convert -100121021200 (base 3) to base 7.
-1415034
What is -838405 (base 10) in base 16?
-ccb05
-48077 (base 12) to base 13
-35119
16c2f (base 16) to base 4
112300233
Convert 1445054 (base 7) to base 3.
100222011222
Convert 5057a4 (base 16) to base 2.
10100000101011110100100
Convert -316883 (base 15) to base 12.
-9545a3
Convert -19045 (base 15) to base 9.
-133172
-120a36a (base 14) to base 11
-4967370
What is 38712 (base 13) in base 14?
2a0d3
-322213030 (base 4) to base 9
-405281
Convert -163542236 (base 7) to base 10.
-11153456
What is -42087 (base 12) in base 11?
-59a9a
Convert -11410665 (base 7) to base 5.
-224324122
478096a (base 12) to base 9
28053701
What is 2353514 (base 6) in base 13?
44563
-49062 (base 12) to base 15
-1e315
Convert 409061 (base 10) to base 14.
a9109
-206ac6 (base 13) to base 12
-306530
204546 (base 7) to base 12
184a9
Convert -303331044 (base 5) to base 15.
-19474e
Convert 2e6bc (base 16) to base 10.
190140
Convert -10222201202 (base 3) to base 13.
-29993
Convert b4bd (base 16) to base 6.
554113
What is -4037137 (base 9) in base 15?
-2c737a
Convert 55960 (base 10) to base 2.
1101101010011000
What is 719b47 (base 16) in base 13?
1708b1b
Convert -3764556 (base 9) to base 14.
-3b5336
What is -22528 (base 9) in base 6?
-153255
6342 (base 8) to base 16
ce2
Convert -274309 (base 14) to base 3.
-2112220021011
What is 271523c (base 14) in base 15?
19cd032
1134134142 (base 5) to base 6
132414444
What is -130222011 (base 5) in base 4?
-2122132310
What is -21002222100011 (base 3) in base 8?
-16324136
What is -1211432 (base 5) in base 15?
-6b12
What is 3272357 (base 9) in base 7?
20650330
What is -1155322 (base 8) in base 5?
-40140122
-48684 (base 13) to base 3
-20202100210
Convert 1000010110110010 (base 2) to base 11.
23795
-21c886 (base 13) to base 7
-6535240
Convert 14295a (base 11) to base 2.
110110100011000111
What is 478620 (base 9) in base 11?
1877a6
What is -1420404 (base 5) in base 14?
-aa59
Convert -12b36 (base 14) to base 9.
-70221
Convert 5a607 (base 13) to base 4.
220132210
11122002010 (base 3) to base 16
1642e
117037 (base 10) to base 7
665134
1066356 (base 8) to base 14
779a6
159538 (base 10) to base 9
262754
What is 565703 (base 10) in base 14?
10a235
6622474 (base 8) to base 6
102044044
-b850d (base 16) to base 6
-24103101
What is -332152550 (base 6) in base 15?
-7d3d46
Convert -111100011000111110 (base 2) to base 14.
-66206
321631 (base 10) to base 15
65471
What is a8a8b (base 12) in base 10?
222731
-49b30d (base 14) to base 16
-269251
What is -22124244 (base 5) in base 6?
-4042545
Convert -211102200102 (base 3) to base 8.
-1536306
What is -108715 (base 15) in base 10?
-787970
What is -66752a (base 11) in base 2?
-100000011110010101010
Convert 6171026 (base 8) to base 2.
110001111001000010110
What is 302144 (base 8) in base 14?
28340
Convert 15b69a (base 12) to base 5.
43410002
-11505314 (base 6) to base 2
-1011001100001001110
What is -8ba48 (base 13) in base 9?
-426872
-6b02b (base 13) to base 10
-195570
What is 15e1da (base 15) in base 10?
1060180
What is 103255101 (base 6) in base 16?
1c1e2d
-989bb (base 13) to base 3
-112001000100
What is -56bd70 (base 15) in base 11?
-2379036
What is -2b616 (base 15) in base 11?
-95aa2
Convert 5012421 (base 6) to base 9.
387524
What is -366d3 (base 15) in base 4?
-222121221
What is -406835 (base 14) in base 2?
-1000010001101000011111
Convert 1000001001101110000111 (base 2) to base 11.
122a598
65424266 (base 7) to base 11
3187723
Convert -5131267 (base 9) to base 12.
-abba21
What is -210212243 (base 5) in base 12?
-3595a5
What is 110101101010011100101 (base 2) in base 3?
10022100010022
What is -2072739 (base 10) in base 4?
-13322002203
Convert -6a3c3 (base 14) to base 7.
-2125133
47ed7 (base 15) to base 10
229477
Convert -11110000011001100 (base 2) to base 3.
-20020211200
24343122 (base 5) to base 7
1651402
Convert 2341231431 (base 5) to base 15.
71e4e6
Convert 3a0437 (base 11) to base 16.
99d47
Convert 342301300 (base 5) to base 2.
101110100010111010000
112331330302 (base 4) to base 13
132a693
Convert -33022010 (base 4) to base 8.
-171204
What is -2102014034 (base 5) in base 9?
-8127568
-853648 (base 9) to base 4
-1330000022
What is 43043304 (base 5) in base 11?
228250
Convert -33032032 (base 4) to base 16.
-f38e
What is c4258a (base 14) in base 12?
226b766
-13330330 (base 4) to base 16
-7f3c
What is -bd992 (base 16) in base 8?
-2754622
14701d (base 15) to base 2
11110000100110111000
What is 19a069 (base 16) in base 12?
68bab5
-1263088 (base 9) to base 13
-1b27a1
What is 310032023 (base 4) in base 5?
23321044
5c344 (base 13) to base 3
22121211101
Convert -3895c (base 14) to base 7.
-1116245
-224356 (base 14) to base 16
-11c358
44155 (base 13) to base 14
32cd1
Convert -21551222 (base 7) to base 13.
-502229
89064 (base 14) to base 13
b8221
3dc45 (base 14) to base 2
100101011011110101
-50265 (base 14) to base 3
-100210010220
Convert -2313042 (base 6) to base 7.
-1002542
Convert -110001001110000010111 (base 2) to base 5.
-403102243
Convert -bcb4 (base 14) to base 16.
-7fb6
Convert 111221002111202 (base 3) to base 12.
258bb25
Convert 4625984 (base 10) to base 5.
2141012414
Convert -538a9 (base 16) to base 3.
-122101101112
Convert -112234032 (base 5) to base 8.
-1741342
What is -11021200011200 (base 3) in base 14?
-433a41
Convert -140222 (base 13) to base 9.
-820472
Convert 285421b (base 12) to base 6.
445013235
What is 1205dc (base 14) in base 11?
390756
29796 (base 16) to base 11
1066a5
Convert -12225626 (base 7) to base 10.
-1099286
-412303041 (base 5) to base 10
-1681646
Convert -4171806 (base 9) to base 3.
-11012101220020
-47072 (base 16) to base 10
-290930
173996 (base 13) to base 2
10001101011101111111
What is -101123232210 (base 4) in base 7?
-53562450
Convert 125960 (base 13) to base 12.
19325b
-23c44 (base 13) to base 12
-320b1
-12154e (base 16) to base 9
-2205580
Convert 35245 (base 6) to base 16.
13cd
What is -33221212232 (base 4) in base 5?
-2022240244
What is 445250 (base 6) in base 15?
b180
What is -4636102 (base 7) in base 11?
-367365
Convert 3676960 (base 10) to base 9.
6823751
Convert -1011100001010010011 (base 2) to base 11.
-238684
1535624 (base 7) to base 12
a2082
What is -9e67f (ba